 97, 109013
List the prime factors of 1937092.
2, 163, 2971
List the prime factors of 2684232.
2, 3, 17, 43
What are the prime factors of 207767?
7, 67, 443
List the prime factors of 25089085.
5, 7, 281, 2551
What are the prime factors of 471605?
5, 94321
List the prime factors of 26436427.
223, 118549
List the prime factors of 420772.
2, 11, 73, 131
List the prime factors of 1844336.
2, 13, 8867
What are the prime factors of 219094?
2, 109547
What are the prime factors of 20186413?
13, 569, 2729
List the prime factors of 3087418.
2, 1543709
What are the prime factors of 288177?
3, 96059
List the prime factors of 402630.
2, 3, 5, 13421
What are the prime factors of 5701687?
53, 179, 601
List the prime factors of 10455747.
3, 29, 120181
List the prime factors of 819651.
3, 7, 23, 1697
What are the prime factors of 801890?
2, 5, 17, 53, 89
What are the prime factors of 1423391?
1423391
List the prime factors of 1769050.
2, 5, 35381
What are the prime factors of 223456?
2, 6983
List the prime factors of 271667.
11, 24697
List the prime factors of 1282753.
37, 937
List the prime factors of 322787.
83, 3889
List the prime factors of 1481644.
2, 370411
List the prime factors of 11267548.
2, 43, 109, 601
What are the prime factors of 667350?
2, 3, 5, 1483
What are the prime factors of 14301043?
53, 239, 1129
List the prime factors of 233760.
2, 3, 5, 487
List the prime factors of 11940046.
2, 5970023
What are the prime factors of 1411317?
3, 167, 313
What are the prime factors of 191623?
37, 5179
What are the prime factors of 553957?
251, 2207
What are the prime factors of 333642?
2, 3, 17, 3271
What are the prime factors of 1597062?
2, 3, 266177
What are the prime factors of 39638?
2, 19819
List the prime factors of 14589598.
2, 7294799
List the prime factors of 13258978.
2, 109, 60821
What are the prime factors of 1249826?
2, 241, 2593
What are the prime factors of 4971263?
11, 451933
What are the prime factors of 1223600?
2, 5, 7, 19, 23
What are the prime factors of 4115213?
4115213
List the prime factors of 1964546.
2, 982273
List the prime factors of 1841144.
2, 230143
List the prime factors of 6071531.
6071531
What are the prime factors of 265013?
7, 17, 131
List the prime factors of 224097.
3, 74699
List the prime factors of 226032.
2, 3, 17, 277
What are the prime factors of 336764?
2, 84191
List the prime factors of 18750566.
2, 23, 407621
What are the prime factors of 2693120?
2, 5, 263
List the prime factors of 932081.
932081
List the prime factors of 282775.
5, 11311
List the prime factors of 289892.
2, 23, 137
List the prime factors of 1298081.
109, 11909
List the prime factors of 104934.
2, 3, 17489
List the prime factors of 979960.
2, 5, 24499
List the prime factors of 1728901.
31, 43, 1297
List the prime factors of 482556.
2, 3, 40213
What are the prime factors of 8646989?
13, 665153
List the prime factors of 17252.
2, 19, 227
What are the prime factors of 475149?
3, 41, 3863
What are the prime factors of 457315?
5, 91463
What are the prime factors of 8170708?
2, 7, 13, 22447
List the prime factors of 307457.
131, 2347
What are the prime factors of 7414730?
2, 5, 741473
What are the prime factors of 57117?
3, 79, 241
What are the prime factors of 4780075?
5, 71, 2693
What are the prime factors of 3611419?
7, 515917
What are the prime factors of 819352?
2, 23, 61, 73
What are the prime factors of 5816001?
3, 331, 5857
What are the prime factors of 2919118?
2, 41, 97, 367
What are the prime factors of 438051?
3, 151, 967
What are the prime factors of 631077?
3, 210359
What are the prime factors of 587006?
2, 7, 23, 1823
List the prime factors of 4841056.
2, 11, 17, 809
List the prime factors of 5450297.
283, 19259
List the prime factors of 1197451.
1197451
List the prime factors of 4705642.
2, 313, 7517
What are the prime factors of 77380?
2, 5, 53, 73
What are the prime factors of 5354238?
2, 3, 19, 67, 701
List the prime factors of 221427.
3, 59, 139
What are the prime factors of 8589304?
2, 23, 46681
List the prime factors of 7636078.
2, 3818039
What are the prime factors of 430924?
2, 13, 8287
What are the prime factors of 2313916?
2, 11, 43, 1223
What are the prime factors of 10935977?
13, 101, 8329
What are the prime factors of 57447?
3, 13, 491
List the prime factors of 1085299.
19, 239
What are the prime factors of 253860?
2, 3, 5, 4231
List the prime factors of 3787534.
2, 113, 16759
What are the prime factors of 3677968?
2, 7, 32839
List the prime factors of 17993746.
2, 29, 310237
List the prime factors of 3134348.
2, 7, 23, 31, 157
List the prime factors of 309542.
2, 37, 47, 89
List the prime factors of 484923.
3, 161641
What are the prime factors of 93011?
281, 331
List the prime factors of 26439307.
857, 30851
List the prime factors of 173527.
19, 9133
List the prime factors of 2473027.
2473027
What are the prime factors of 1178281?
13, 233, 389
List the prime factors of 171552.
2, 3, 1787
What are the prime factors of 370899?
3, 19, 241
What are the prime factors of 1041406?
2, 520703
What are the prime factors of 233821?
7, 33403
List the prime factors of 27459505.
5, 17, 323053
List the prime factors of 8927875.
5, 11, 43, 151
What are the prime factors of 372413?
372413
What are the prime factors of 10036?
2, 13, 193
What are the prime factors of 1709404?
2, 427351
What are the prime factors of 10462351?
311, 33641
What are the prime factors of 146667?
3, 48889
What are the prime factors of 3760017?
3, 23, 54493
List the prime factors of 659372.
2, 7, 23549
What are the prime factors of 12124761?
3, 11, 461, 797
List the prime factors of 210853.
210853
List the prime factors of 11593974.
2, 3, 7, 276047
What are the prime factors of 6965008?
2, 131, 3323
List the prime factors of 493154.
2, 246577
What are the prime factors of 41660?
2, 5, 2083
What are the prime factors of 11639235?
3, 5, 775949
List the prime factors of 19956196.
2, 13, 53, 557
What are the prime factors of 942635?
5, 188527
What are the prime factors of 37527913?
73, 514081
What are the prime factors of 1292143?
1292143
What are the prime factors of 8691136?
2, 135799
List the prime factors of 2262831.
3, 41, 18397
List the prime factors of 287702.
2, 97, 1483
What are the prime factors of 539423?
37, 61, 239
What are the prime factors of 7053151?
7, 31, 32503
List the prime factors of 186698.
2, 277, 337
What are the prime factors of 735745?
5, 37, 41, 97
What are the prime factors of 2251778?
2, 31, 36319
What are the prime factors of 422059?
11, 17, 37, 61
What are the prime factors of 335446?
2, 179, 937
List the prime factors of 841626.
2, 3, 46757
What are the prime factors of 2137041?
3, 367, 647
List the prime factors of 1997835.
3, 5, 7, 53, 359
What are the prime factors of 69263?
69263
What are the prime factors of 1366929?
3, 50627
List the prime factors of 139817.
23, 6079
What are the prime factors of 6208761?
3, 13, 159199
What are the prime factors of 300080?
2, 5, 11, 31
What are the prime factors of 89633?
89633
What are the prime factors of 1580442?
2, 3, 29, 31, 293
What are the prime factors of 273772?
2, 68443
List the prime factors of 4852780.
2, 5, 242639
List the prime factors of 284685.
3, 5, 18979
List the prime factors of 1179378.
2, 3, 65521
List the prime factors of 15646454.
2, 7823227
List the prime factors of 4159646.
2, 2079823
What are the prime factors of 1106487?
3, 107, 383
List the prime factors of 324434.
2, 11, 14747
List the prime factors of 539209.
11, 49019
What are the prime factors of 605664?
2, 3, 701
What are the prime factors of 222509?
7, 19, 239
What are the prime factors of 33038285?
5, 7, 943951
List the prime factors of 3184521.
3, 271, 3917
What are the prime factors of 10414095?
3, 5, 694273
What are the prime factors of 850225?
5, 71, 479
List the prime factors of 5343059.
37, 144407
List the prime factors of 812165.
5, 127, 1279
List the prime factors of 1310532.
2, 3, 109211
List the prime factors of 835817.
835817
List the prime factors of 6627535.
5, 17, 103, 757
List the prime factors of 1814025.
3, 5, 19, 67
List the prime factors of 3581140.
2, 5, 179057
What are the prime factors of 3484933?
1277, 2729
What are the prime factors of 450667?
7, 64381
What are the prime factors of 